 is the greatest common divisor of 38 and 1026?
38
Calculate the greatest common divisor of 32 and 2656.
32
Calculate the greatest common factor of 112 and 28.
28
What is the greatest common divisor of 7571 and 67?
67
Calculate the highest common divisor of 3152 and 144.
16
Calculate the highest common divisor of 490 and 420.
70
What is the highest common factor of 342 and 2071?
19
Calculate the highest common divisor of 6 and 21.
3
Calculate the highest common divisor of 12 and 191.
1
Calculate the highest common factor of 427 and 21.
7
What is the highest common divisor of 9 and 597?
3
What is the highest common factor of 248 and 8?
8
Calculate the highest common factor of 114 and 12806.
38
What is the greatest common factor of 338 and 234?
26
Calculate the greatest common divisor of 21 and 119.
7
What is the highest common divisor of 68 and 8347?
17
What is the greatest common factor of 6228 and 72?
36
What is the highest common factor of 172 and 16?
4
Calculate the greatest common factor of 805 and 210.
35
Calculate the greatest common factor of 3010 and 490.
70
Calculate the greatest common factor of 48 and 228.
12
Calculate the highest common divisor of 13 and 13.
13
What is the greatest common factor of 140 and 24?
4
What is the greatest common divisor of 23 and 736?
23
Calculate the greatest common divisor of 15 and 195.
15
What is the greatest common divisor of 4 and 8?
4
Calculate the greatest common factor of 21 and 8.
1
Calculate the highest common divisor of 42 and 714.
42
Calculate the greatest common divisor of 400 and 6.
2
Calculate the highest common divisor of 291 and 14841.
291
Calculate the highest common divisor of 284 and 142.
142
What is the highest common factor of 2079 and 77?
77
Calculate the greatest common divisor of 29 and 783.
29
What is the highest common factor of 705 and 423?
141
What is the highest common factor of 2 and 71?
1
Calculate the greatest common divisor of 87 and 7569.
87
Calculate the greatest common factor of 39 and 897.
39
What is the greatest common factor of 144 and 90?
18
Calculate the highest common divisor of 1036 and 7.
7
What is the greatest common divisor of 6 and 3684?
6
Calculate the greatest common divisor of 1036 and 7.
7
Calculate the highest common factor of 104 and 32.
8
Calculate the greatest common divisor of 642 and 78.
6
Calculate the greatest common divisor of 4930 and 1595.
145
What is the greatest common divisor of 14 and 2338?
14
What is the highest common divisor of 306 and 42?
6
Calculate the highest common factor of 180 and 10.
10
What is the highest common factor of 114 and 24054?
114
What is the greatest common divisor of 57 and 219?
3
What is the highest common factor of 120 and 2680?
40
What is the greatest common factor of 1368 and 450?
18
Calculate the greatest common factor of 72 and 2358.
18
What is the greatest common factor of 10 and 90?
10
What is the greatest common divisor of 19171 and 19?
19
Calculate the greatest common divisor of 5232 and 96.
48
What is the greatest common factor of 2354 and 3638?
214
Calculate the highest common factor of 49 and 7.
7
What is the highest common divisor of 86 and 17587?
43
Calculate the highest common divisor of 7 and 1554.
7
What is the greatest common factor of 4814 and 174?
58
What is the highest common factor of 108 and 414?
18
Calculate the highest common factor of 2300 and 340.
20
Calculate the highest common factor of 435 and 45.
15
What is the highest common factor of 36 and 13788?
36
Calculate the highest common divisor of 515 and 20.
5
What is the highest common divisor of 319 and 29?
29
What is the highest common factor of 1928 and 24?
8
What is the highest common factor of 38 and 608?
38
What is the greatest common factor of 82 and 820?
82
Calculate the greatest common divisor of 3 and 51.
3
Calculate the highest common divisor of 2368 and 37.
37
What is the greatest common divisor of 120 and 288?
24
Calculate the greatest common factor of 714 and 34.
34
Calculate the highest common factor of 62 and 279.
31
Calculate the greatest common divisor of 8866 and 1430.
286
What is the highest common divisor of 17 and 1343?
17
Calculate the highest common divisor of 1316 and 3164.
28
Calculate the greatest common divisor of 200 and 5150.
50
Calculate the greatest common divisor of 51 and 15776.
17
Calculate the highest common factor of 280 and 30.
10
Calculate the highest common factor of 558 and 682.
62
Calculate the greatest common factor of 220 and 11990.
110
What is the greatest common factor of 50 and 84050?
50
Calculate the greatest common divisor of 962 and 26.
26
What is the highest common divisor of 28 and 8?
4
What is the highest common factor of 82 and 3362?
82
What is the greatest common factor of 22 and 121?
11
Calculate the highest common factor of 10741 and 23.
23
What is the highest common factor of 12 and 1572?
12
Calculate the highest common divisor of 44 and 836.
44
Calculate the greatest common factor of 112 and 144.
16
Calculate the highest common factor of 3 and 372.
3
Calculate the highest common factor of 15275 and 5.
5
What is the highest common divisor of 603 and 737?
67
Calculate the highest common factor of 12 and 2775.
3
What is the highest common factor of 63 and 27?
9
What is the highest common factor of 23 and 23?
23
Calculate the highest common factor of 171 and 38.
19
What is the greatest common factor of 152 and 418?
38
What is the highest common factor of 630 and 3640?
70
What is the greatest common divisor of 105 and 798?
21
Calculate the highest common factor of 20 and 1510.
10
What is the greatest common divisor of 304 and 57?
19
Calculate the highest common factor of 150 and 90.
30
What is the highest common factor of 6493 and 604?
151
Calculate the highest common factor of 5311 and 113.
113
What is the highest common factor of 376 and 11468?
188
Calculate the greatest common factor of 828 and 92.
92
Calculate the highest common factor of 108 and 972.
108
What is the highest common divisor of 824 and 32?
8
What is the greatest common factor of 24 and 108?
12
What is the greatest common factor of 43945 and 55?
55
What is the greatest common divisor of 418 and 154?
22
Calculate the greatest common factor of 78 and 429.
39
Calculate the highest common factor of 52 and 2054.
26
What is the highest common divisor of 47 and 799?
47
Calculate the greatest common factor of 56 and 140.
28
Calculate the highest common divisor of 115 and 23.
23
What is the highest common divisor of 405 and 15?
15
Calculate the highest common factor of 480 and 30.
30
Calculate the greatest common divisor of 185 and 55.
5
What is the highest common factor of 46926 and 33?
33
What is the highest common factor of 9 and 5931?
9
What is the greatest common divisor of 17116 and 44?
44
Calculate the greatest common factor of 189 and 1911.
21
Calculate the greatest common divisor of 760 and 475.
95
What is the greatest common factor of 114 and 12?
6
What is the highest common factor of 1470 and 49?
49
Calculate the greatest common factor of 88 and 3784.
88
What is the greatest common factor of 58 and 4?
2
What is the greatest common factor of 2480 and 31?
31
What is the highest common factor of 67 and 16013?
67
Calculate the highest common factor of 1020 and 60.
60
What is the highest common factor of 63 and 18?
9
What is the highest common divisor of 3 and 2022?
3
What is the greatest common factor of 614 and 2?
2
Calculate the greatest common divisor of 6533 and 329.
47
What is the greatest common factor of 11 and 121?
11
Calculate the highest common divisor of 550 and 594.
22
Calculate the greatest common divisor of 86 and 3268.
86
Calculate the highest common factor of 108 and 1014.
6
What is the greatest common divisor of 710 and 130?
10
What is the greatest common divisor of 4768 and 1937?
149
Calculate the greatest common factor of 99 and 1067.
11
What is the highest common divisor of 45 and 375?
15
Calculate the highest common divisor of 18 and 23013.
9
What is the greatest common divisor of 278 and 417?
139
What is the highest common factor of 65366 and 322?
322
Calculate the highest common divisor of 36 and 54.
18
What is the greatest common factor of 102 and 255?
51
What is the greatest common factor